 - 3. Let v be w(-10). Give y(v).
11
Let c be ((-5)/((-50)/30))/(6/10). Let r(b) = 5*b - 18. Let g be r(4). Let q(v) = 5*v**2 - 11*v**g + v + 7 + 0 + v**3. Calculate q(c).
-13
Let a(k) = -10 + 6*k - 22 + 26 - 49 - 7. Determine a(10).
-2
Let j be (4/(-6))/(10/7 - (-1584)/(-1134)). Let q(f) = -3*f + 49. What is q(j)?
112
Let w(y) = y**3 - 2*y**2 - y - 2. Suppose -70*z - 6 = -76*z. Suppose 3*o - 15 = 7*q - 6*q, 4*o - z = -5*q. Give w(q).
-44
Let m(a) = 3*a**3 + a**2 - a + 1. Let b(j) = -j**3 - 10*j**2 - j - 9. Let z be b(-10). Let p be m(z). Let x(k) = -5*k + p*k - 6 + 4 + 1. Determine x(-6).
5
Suppose -5*u = -r - 10, -6 = 3*r - 2*u - u. Suppose r = 21*c - 25*c + 40. Let t(d) = 2*d**2 + 4*d**2 - d**3 - d**2 + 6*d**2 - 11 - 9*d. Determine t(c).
-1
Suppose -11*i + 2 = -10*i. Let j(u) = 38 - u**i - u**2 - u - 4*u - 31. Calculate j(-5).
-18
Let s(f) = -3*f**3 - f**2 - 2*f + 9. Let a(v) be the third derivative of v**3/2 + 136*v**2. Let l(g) = -4*a(g) + s(g). Determine l(-2).
21
Let g(u) = -224 + u**3 - 26*u**2 + 80 + 23*u + 160. Give g(25).
-34
Let l(v) be the first derivative of -v**4/4 + 2*v**3/3 - v + 3886. Determine l(4).
-33
Suppose -241*y - 480 = -193*y. Let o(x) be the second derivative of x**3/3 + 7*x**2/2 - 2*x. Give o(y).
-13
Let y(p) be the first derivative of -p**3/3 - 5*p**2 - p + 72. Let b be (-1 + (-21)/(-15))/(1/(-25)). Determine y(b).
-1
Let m = 225 + -155. Let i = 73 - m. Let h(q) = 4*q - 2. Determine h(i).
10
Let y(l) = -l**2 + 2*l + 8. Suppose 5*j + 9 = -1. Let w be y(j). Let m(c) = -113*c + 22 - 120*c + 234*c. Determine m(w).
22
Let d = 2016 + -2016. Let n(y) be the second derivative of -1/12*y**4 + 0 - 8*y + d*y**3 - 3/2*y**2. Calculate n(3).
-12
Suppose -w + 426 = -3*m, -5*w + 4*m = 2*m - 2182. Let l be (-6)/(-9) + w/18. Let c = 23 - l. Let i(n) = -4*n - 2. Calculate i(c).
6
Suppose -2*l = 53 - 165. Suppose 3*b - l = -236. Let x = 55 + b. Let p(z) = -z + 6. Give p(x).
11
Let j(a) = 8 - 10*a - 2*a**2 + 2*a**2 - 9*a**2. Let n(f) = 4*f**2 + 5*f - 4. Let o(r) = -3*j(r) - 7*n(r). Determine o(-4).
8
Suppose -72*x = 5*h - 67*x - 25, -3*h - 5*x + 31 = 0. Let j(k) = 2*k**2 - 2*k - 4. Let w(r) = -r**2 + r + 2. Let a(t) = 3*j(t) + 5*w(t). Give a(h).
10
Let l = 20 + -14. Let u(n) = -24*n - 900. Let k(v) = -9*v - 328. Let m(f) = 11*k(f) - 4*u(f). Give m(l).
-26
Let z(r) be the third derivative of 2/15*r**5 + 52*r**2 + 1/4*r**4 - 7/6*r**3 + 0*r + 0 + 1/120*r**6. Calculate z(-7).
0
Let c(v) be the second derivative of 13*v**3/6 - v**2/2 + 24*v. Suppose -30*n = 116 - 86. What is c(n)?
-14
Let f be (-150)/(-100)*(-8)/(-6). Let b be -1 + -17 - (-8 + f). Let v(t) = t + 10. What is v(b)?
-2
Let l(d) = d**3 - 10*d**2 + 8*d + 17. Let s be (-744)/(-92) - (-2)/(-23). What is l(s)?
-47
Let w(i) = -9*i**2 - 19*i + 9. Let n(o) = -37*o + 7*o**2 + 54*o + 5 - 13. Let j(k) = 4*n(k) + 3*w(k). Give j(-11).
-5
Let g(h) = h + 3. Let x = 96 + -231. Let s = -138 - x. Calculate g(s).
0
Let o(w) be the first derivative of -2 + 1/3*w**3 + 0*w + 1/2*w**2. Suppose g = m + 326 - 331, 4*g + 5*m + 2 = 0. What is o(g)?
6
Let y be (286/(-4004))/((-11)/1386). Let o(a) = 0*a + 13 + 4 - 3*a. Calculate o(y).
-10
Let p be ((-40 - -44) + -3)*0. Let c(b) = 8*b**2 + 11*b + 126. Let f(n) = -3*n**2 - 4*n - 42. Let l(a) = -4*c(a) - 11*f(a). What is l(p)?
-42
Let o(f) = -24*f**2 + 6*f - 8. Let p(k) = -62*k**2 + 11*k - 17. Let h(b) = 5*o(b) - 2*p(b). Give h(-4).
26
Let j = -9022 + 9005. Let b(c) = c**2 + 14*c - 34. Determine b(j).
17
Let n be 100/(-750)*(-2 - -8)*165/(-6). Let g(d) be the third derivative of 1/12*d**4 + 0*d + 0 + n*d**2 - 1/6*d**3 - 1/6*d**5. Calculate g(1).
-9
Let k(j) = -6*j + 5. Let a(m) = -m**2 - 21*m - 20. Let l be a(-20). Let v be k(l). Let x(z) = v + 3*z**2 + 6*z + 5*z**3 - 2*z**3 - 4*z**3. Determine x(5).
-15
Let r be 3*(1 - (-15)/(-9)). Let o(s) = -5*s**3 - 4*s**2 - 4*s + 72. Let n(c) = 6*c**3 + 5*c**2 + 5*c - 84. Let p(b) = -6*n(b) - 7*o(b). Calculate p(r).
4
Let u(k) = k**3 + 18*k**2 - k + 7. Let v(r) = 2*r**2 - 24*r + 46. Let m be v(8). Give u(m).
25
Let v(a) = 2*a - 3. Let q(j) = 9*j - 15. Let o(r) = 3*q(r) - 15*v(r). What is o(0)?
0
Let a(r) = r - 1. Suppose 20 = 3*y + 2. Let v(i) = i**3 + i + 4*i**2 + y + 11 - 20. Let l be v(-3). What is a(l)?
2
Let n(m) = m**2 - 13*m + 26. Let u(l) = 2*l**2 + 717*l + 2843. Let w be u(-4). Calculate n(w).
-16
Let g(d) be the third derivative of -d**5/60 - 7*d**4/24 - 2*d**3/3 - 11253*d**2. Let u(x) = x**3 + 3*x**2 - 2*x + 2. Let s be u(-4). Give g(s).
2
Let n(s) = -4*s**2 + 8*s + 2. Let q(v) = v**2 - v. Let b(i) = n(i) + 6*q(i). Let t(h) = -h**3 + 34*h**2 - 87*h - 187. Let k be t(31). Give b(k).
2
Let x = 176 - 175. Suppose -w - 2*d = x, -3*d + 9 = -14*w + 12*w. Let b(s) = s. What is b(w)?
-3
Let m = -110 + 139. Let q(o) = -33*o + 71*o - m*o. Give q(1).
9
Let v(i) = i**2 - i + 2. Suppose 0 = c - 3*c + 4. Let u be v(c). Suppose -u = 4*w, 0 = -3*k - 2*w + 14 - 1. Let b(d) = 2*d**2 - 7*d + 4. Give b(k).
19
Suppose 4*a + 3*d - 265 = 0, -4*d = -4*a + 2*a + 160. Suppose 40 = -15*b + a. Let l(n) = -2 - n + 2. Calculate l(b).
-2
Let c = 726 + -719. Let g(i) = 1 - 7*i - 6*i**2 + 90*i**3 - 89*i**3 - i. Give g(c).
-6
Let f = 90 + -96. Let c(x) be the first derivative of x**5/120 - x**4/24 + 11*x**3/3 - 8. Let y(r) be the third derivative of c(r). What is y(f)?
-7
Let b(z) = -7*z**2 - 4*z - 12. Suppose 3 - 2 = f. Let g(t) = t**2 + 1. Let k(j) = f*b(j) + 6*g(j). Let m(n) = 2*n**2 + 11*n + 8. Let l be m(-4). Give k(l).
-6
Let v(b) be the first derivative of -1/4*b**4 + 10*b + 183 + 0*b**3 + 0*b**2. What is v(0)?
10
Suppose -8*k - k - 483 = -30*k. Let d(y) = 4*y - 84. Determine d(k).
8
Suppose 0 = 2*u + 14, 1600*v - 2*u = 1603*v + 5. Let a(x) = 2 - x**3 - 6 + x + 2*x**3. Calculate a(v).
26
Let m(t) = t**3 + 4*t**2 + 5*t + 3. Let s be -1 + (4/10 - (-1118)/130). Let f = 8 - 3. Suppose -f*u = 12 + s. Give m(u).
-17
Let c(a) be the first derivative of a**5/60 + a**4/3 - 70*a**3/3 + 57. Let n(r) be the third derivative of c(r). Give n(-8).
-8
Let v(a) = 2 + 3*a**2 - 5*a + 0 + a. Let p(j) = j**2 - j - 20. Let f be p(-5). Let i(t) = t**3 - 10*t**2 - 2*t + 22. Let c be i(f). Give v(c).
6
Let l(j) = 5*j**2 + 44*j - 659. Let z(q) = -4*q**2 - 34*q + 527. Let t(k) = 9*l(k) + 11*z(k). Determine t(5).
1
Suppose -4*q - 18 = 2*s - 8*q, -4*s = -3*q + 16. Let n be (3 - (9 + -3))*s/1. Let j(f) = -5*f - 4 + 4*f - 6*f + n*f. Determine j(-4).
12
Suppose 0 = 5*c + 3*a - 23, 2*a - 10 = -3*c + 3. Let u(h) = 4*h - 19. Let f be u(18). Let d(g) = -7*g + 20 + g**3 - 59*g**2 - 19 + f*g**2. Give d(c).
1
Let b(c) = 3*c - 1. Let z = 61 + -64. Let p(v) = 11*v - 4. Let i(a) = z*b(a) + p(a). What is i(1)?
1
Let u be ((-2)/14 - (-476)/(-98)) + (-36)/(-2). Let b(s) = s**3 - 13*s**2 - 4*s + 8. Determine b(u).
-44
Suppose -v = r - 3, 11*v = 7*v + r - 3. Let g(f) be the third derivative of -1/6*f**3 + 1/12*f**4 + 0 - 15*f**2 + 1/10*f**6 + v*f - 1/60*f**5. Give g(1).
12
Let t = 10199 - 10205. Let g(o) = -o**3 - o**2 + 15*o + 2. What is g(t)?
92
Let d(u) = -55*u**2 + 20*u - 71. Let f(j) = 92*j**2 - 40*j + 143. Let m(y) = -5*d(y) - 3*f(y). What is m(17)?
-23
Let n(c) = 2*c**3 - c**2 - 8*c + 11. Let r be n(2). Let o(y) be the third derivative of y**5/60 - 7*y**4/24 + 9*y**2 + 4. Determine o(r).
0
Let r(x) = x**3 + 9. Let t be r(0). Let g(c) be the first derivative of -c**2/2 + 8*c + 1582. What is g(t)?
-1
Suppose 2*d + 5*m = 27, 2*m + 15 + 16 = 3*d. Let u(h) = 9*h - h**3 - 273*h**2 + 556*h**2 - 273*h**2 + 16. Determine u(d).
-6
Let n(r) = r**3 + 9*r**2 - 2*r - 5. Suppose 8*u + 1839 = -4657. Let y = u + 803. Give n(y).
13
Let d(q) = -50*q**2 + 8*q + 19. Let p(h) = -17*h**2 + h. Let y(r) = -d(r) + 3*p(r). Calculate y(-8).
-43
Let y = -94 + 95. Let s(x) = -7 - y + 6 + 0 + 2*x. Suppose 5*b - 3*b = -3*m + 10, 3*m + 3*b - 12 = 0. What is s(m)?
2
Let b be ((-61957)/2 + 1)*1280/(-800). Let s(g) = -g**2 - b*g - 1 + 49561*g - 1 + 3. Suppose -x - 1 = w, -x = 5*w + 13 - 0. Calculate s(x).
-9
Let w(j) be the second derivative of -j**5/20 - j**4/3 + 2*j**3/3 + 5*j**2/2 - 111*j. Let t(v) = -13*v**3 + v**2. Let u be t(1). Let n = 7 + u. What is w(n)?
10
Let a(d) = -13 - 1 - d**2 - 14*d - 2 - 12 + 23. Calculate a(-9).
40
Let w(c) = 7*c**3 - c**2 + 1. Let r be w(1). Suppose 10*a - r*a = 0. Let 